 14*l + 54. Let f be t(-8). Suppose -5555 = -f*b - 977. Is b composite?
True
Suppose -32*g = -26*g - 12. Suppose 3846 - 1168 = g*l. Is l a composite number?
True
Let u(v) = -5*v + 18. Let o be u(3). Suppose -4 = -4*k + 3*s, -4*k + 1 = -5*s + 5. Suppose -551 = -o*d - k*n, n + 737 = 4*d + 4*n. Is d a composite number?
True
Suppose -9*x - 5*x = -154. Suppose 0*k = -x*k + 2354. Is k a prime number?
False
Suppose -6 = -74*a + 72*a. Suppose -3*o - 56 + 1 = -4*y, 5*o + 115 = -5*y. Is 2660/a - o/63 prime?
True
Let h(s) = 333*s + 241. Let d be h(27). Suppose 2*o - d + 614 = 0. Is o a composite number?
True
Suppose z - 4*z + h = 17, 20 = 4*h. Is ((-6502)/z)/(1/2) composite?
False
Suppose 6*u = 2*u + 70360. Suppose 241*z - 220*z = 42. Suppose 8*s + z*s = u. Is s a prime number?
True
Is 106497384/264 + (-18)/99 a composite number?
True
Let w(i) = -130599*i + 31. Let k be w(-1). Suppose 6*x - k = 9572. Is x a composite number?
True
Suppose 6*o = -7*o + 43420. Let l = o + -1953. Is l prime?
False
Let o(z) = 9*z - 15. Let d be o(5). Suppose -d = -2*m - 4. Suppose 14*f - 841 = m*f. Is f composite?
True
Suppose -3*f + 133 = 4*f. Suppose 2536 = 23*b - f*b. Is b a composite number?
True
Let n(h) = 16*h**2 - 7*h - 4. Let p = -79 + 2. Let m = 90 + p. Is n(m) composite?
False
Is (-11)/(-1) - (2 - 236096) a prime number?
False
Let z = -23095 - -39758. Is z prime?
False
Is 174700 - (88/(-66) - (33/9 + -2)) composite?
False
Suppose -36*q - 9937886 = -119*q + 24911573. Is q composite?
False
Let h(b) = 12*b**2 - 5*b - 2. Let d be h(1). Suppose -d*m = -0*m - 4*a - 14627, 0 = -4*m - a + 11710. Is m a composite number?
False
Is (-155)/186 + 3/((-36)/(-1424470)) a composite number?
True
Let k = 10870 - -10807. Is k composite?
True
Let u be 60/270 + (-84980)/9. Let x = 14955 + u. Is x composite?
True
Let a be (3/4)/(-5 - 1105/(-220)). Let n = a - 30. Suppose 2*q = -n*l + 273, -2*q - 91 = l - 2*l. Is l prime?
False
Let g(n) = 212*n**3 - n**2 - 8*n + 8. Suppose 3 = 2*m + 2*v - 1, -4*v = 2*m - 6. Is g(m) prime?
True
Suppose 0 = 5*w + 1 + 24. Let a = w - -8. Is ((a + -4)/(-1))/(1/302) a prime number?
False
Let f(a) = 3*a + 2*a**2 - 16 - 9*a + 0*a + 23*a. Is f(11) composite?
True
Suppose 24*y - 45*y + 4743795 = 0. Is y composite?
True
Let u = 159 - 155. Is ((-1106)/6 + u)*-3 composite?
False
Is -16 - (-953194 + -43 + 20) prime?
False
Suppose 0 = 236*h + 134*h - 204297892 + 17587382. Is h prime?
False
Let y be 3*1*(-3 - -3232). Let s = 55 + -52. Suppose s*a - 6*a + y = 0. Is a composite?
False
Let b(k) = -71*k**3 + 10*k**2 + 83*k + 55. Is b(-8) a composite number?
False
Suppose -z - 37*r = -42*r - 63197, -z + 2*r + 63197 = 0. Is z prime?
True
Let x = -647930 - -2786337. Is x prime?
True
Is (-12)/((-240)/(-53435))*-20 a prime number?
False
Let m be (-3*(-13)/((-273)/35))/(-1). Let c(g) = -g**3 - 6*g**2 - g - 3. Let o be c(-6). Is ((-1)/o)/(m/(-18885)*1) a composite number?
False
Suppose 155*c - 61*c - 7690798 = 0. Is c composite?
False
Suppose -a + 396666 = 2*l, 198351 = l + 36*a - 40*a. Is l a composite number?
True
Let i be 17 - (2 + 3/(-3)). Suppose -192*d + 196*d = i. Suppose 0 = -12*o + d*o + 976. Is o composite?
True
Let h(i) = -357*i**3 + 65*i**2 + 20*i - 31. Is h(-6) prime?
True
Let p be 0 + (84/(-20) - -4)*-10. Suppose -q = p*s - 7011, s + 2052 - 5530 = 5*q. Is s prime?
False
Let p = 66 - 69. Let o be p*3236*((-3)/9 + 1). Is o/(-20)*(-10)/(-4) composite?
False
Suppose -s + 2*w = -253, s = 6*s + w - 1276. Let i = s + 83. Suppose t - 1221 = i. Is t prime?
True
Suppose 9*q = 5*p + 12*q + 25, 0 = 4*q. Is p/15*21817*(-1 + -2) prime?
True
Let p = -150 + 150. Suppose -3*t - 31583 = -5*j, -5*t + p*t = 3*j - 18977. Is j composite?
True
Let u = -418 + 438. Let k(s) = -2*s**3 + 24*s**2 - 41*s + 19. Let g(n) = -n**3 + n**2 + n. Let p(a) = -g(a) + k(a). Is p(u) prime?
True
Suppose -25684052 = 137*u - 179349888 - 57716259. Is u prime?
False
Suppose 4*w - 20 = -m, 10*m + 2*w = 9*m + 14. Is 2975 + (m - (9 - 4)) prime?
False
Let c(w) = w**3 + 13*w**2 + 13*w + 25. Let v(p) = -3*p**2 + 12*p. Let l be v(5). Let n be c(l). Let j = -201 - n. Is j prime?
True
Let q(v) be the third derivative of 15*v**4/4 - 4*v**3/3 - 14*v**2. Let u be q(10). Suppose 0 = -2*i - m - 3*m + u, i - 446 = -3*m. Is i a composite number?
True
Let u(l) = -289*l**3 + l + 13. Let g(q) = -145*q**3 + 7. Let x(k) = -5*g(k) + 3*u(k). Is x(-1) composite?
True
Let g be -4 + (-4)/(-1) + 3 - 2152. Let x = g - -3398. Is x a composite number?
False
Let g(b) = 795*b - 3184. Is g(5) composite?
True
Suppose 0 = 4*o - 2*t - 1380, -4*o = 3*t - 358 - 1022. Let n = o + -240. Let m = 296 - n. Is m a prime number?
True
Let m(z) = 241*z + 1. Let y be m(4). Let p(t) = -15*t + 99. Let i be p(7). Let w = y - i. Is w a composite number?
False
Suppose -3*m + 3*z = -5*m - 384, 2*m + 370 = 4*z. Is 81/m + (102854/7)/1 a composite number?
True
Let m(l) = -l**2 + 6*l + 6. Let r be m(0). Let c(h) = 8*h**3 - 5*h + 8. Is c(r) a composite number?
True
Is 121385 + 0 - ((-66)/11 - 0) a composite number?
True
Let r(y) = -y**3 - y**2 + y + 2. Let k be r(-2). Suppose 27 = d - b - 4*b, -4 = k*b. Let c(w) = w**3 - 17*w**2 + 20*w + 19. Is c(d) a composite number?
False
Let h be (-1)/2 - (-22)/4. Suppose -h*w = 284 + 1136. Let y = -178 - w. Is y prime?
False
Let j = -22336 - -46365. Suppose 2*h = j - 8887. Is h a composite number?
True
Suppose -17*m = -q - 12*m + 10, -21 = -4*q + m. Suppose -5*f - 4*l = -585, -l + 600 = q*f - 0*l. Is f a composite number?
True
Let j = -70 - -70. Let k be 3*(3 + j - 4186/6). Let l = -1195 - k. Is l a prime number?
False
Let n(z) = z**2 + 4*z - 3. Let h be n(-5). Suppose h*w - 4*v = -w + 790, -4*v = 4. Let y = w - 113. Is y prime?
True
Suppose 3*i = -3*b - 2*i + 412, 0 = -b - 5*i + 124. Is 1 + 6755 - b/48 a composite number?
True
Let q = 18960 + -3565. Is q prime?
False
Is (-2 + (3 - 1) + 107383)*(-61 + 62) composite?
True
Suppose 577*o = 562*o + 119445. Is o a composite number?
False
Let g be ((-25)/((-50)/456))/(3/(-14)). Let f = 193 - g. Is f prime?
False
Suppose 8 = 24*v - 28*v. Let j be 3 - (4 - (-36)/v). Let b = 45 + j. Is b a prime number?
False
Suppose 3*s + 12 = -4*k, -3*k - 17 = 4*s + 2*k. Is (-10)/s*-4 + 7512 prime?
True
Suppose -16*z + 10*z + 66 = 0. Is (-2 - (-75)/3)/(z/1111) a prime number?
False
Suppose 86*m - 131830515 = 58699303. Is m composite?
False
Let k be -3 + 6 - -183*13. Let a = -76 + 81. Suppose a*u = -u + k. Is u composite?
False
Let p = 209 - 206. Suppose -b = -w - 13827, p*b + 2*w + 69141 = 8*b. Is b a prime number?
True
Let n(f) = 15*f**2 - 82*f - 32. Suppose -171 = 16*o - 7*o. Is n(o) a prime number?
False
Suppose 3*b - 2*f + 154 = 2*b, 3*b - f = -447. Suppose -c + 535 = -l + 3*l, -4*l = 4*c - 1064. Let p = b + l. Is p a composite number?
True
Let x(s) = 35*s**3 + 34*s**2 - 188*s + 31. Is x(22) a prime number?
False
Let x be 105/(-14)*(-15 + 3). Let y = x + -132. Is (y/(-12))/((-4)/(-1592)) composite?
True
Let l(c) = 5802*c - 749. Is l(25) composite?
True
Suppose 4*i = 6 - 18, -6*x + 2*i + 6998490 = 0. Is x composite?
True
Let q(w) = -6*w**3 + 9*w**2 + 80*w + 9. Let d be q(-13). Suppose 3*s + 4*o - d = -s, -10266 = -3*s + o. Is s composite?
True
Suppose 449*s + 708134 = 909*s - 446*s. Is s a prime number?
True
Let l be (1435 - 5)/5 - -2. Let x = 1193 + l. Is x a prime number?
True
Let w(p) = -48*p**2 + 17*p + 41. Let o be w(13). Let d = -4033 - o. Is d a prime number?
False
Suppose 78*w - 12392842 - 23968123 = 5677057. Is w a prime number?
False
Suppose 377825 = 11*h - 295584. Is h prime?
False
Let s(g) = 13388*g + 38. Let x be s(5). Let b = -22409 + x. Is b composite?
True
Let y be ((-1256)/24)/(-1 - (-1684)/1686). Suppose 3*u + y = 4*g, 0 = 3*g - 4*g - 4*u + 11015. Is g a composite number?
False
Suppose 317*r - 340*r + 4265971 = 0. Is r prime?
True
Suppose 375392 = 25*z + 7*z. Is z prime?
True
Suppose -35*y = -31*y + 116012. Let u = y + 42717. Is u prime?
False
Let z(j) = 177*j - 14. Let m be z(23). Let y = -2120 + m. Is y a prime number?
False
Let d(b) = 993*b**2 + 21*b - 32. Is d(17) prime?
False
Let q = 10 - 82. Let f = 74 + q. Suppose -2*a = f, 5*v + a = 5*a + 26099. Is v composite?
True
Let t(g) = -g**2 - 3*g**2 - 28 + 2*g**2 - g + 0*g**2. Let l(q) = -q**2 - 14. Let k(s) = 7*l(s) - 4*t(s). Is